426?
2
What is the units digit of 962364884?
4
What is the hundreds digit of 48921255?
2
What is the ten millions digit of 16401836?
1
What is the units digit of 6567306635?
5
What is the hundred millions digit of 545932949?
5
What is the hundreds digit of 76501518?
5
What is the ten millions digit of 21430442?
2
What is the thousands digit of 3787603744?
3
What is the thousands digit of 5651065306?
5
What is the tens digit of 393442141?
4
What is the tens digit of 173373736?
3
What is the hundred millions digit of 176562974?
1
What is the hundred millions digit of 389389339?
3
What is the hundred millions digit of 196988144?
1
What is the millions digit of 190818569?
0
What is the tens digit of 733658897?
9
What is the thousands digit of 606115285?
5
What is the hundreds digit of 29654449?
4
What is the thousands digit of 769036441?
6
What is the hundred millions digit of 2436912867?
4
What is the ten thousands digit of 200035349?
3
What is the units digit of 69701277?
7
What is the tens digit of 1317843686?
8
What is the units digit of 2177672507?
7
What is the ten thousands digit of 44804635?
0
What is the millions digit of 42335220?
2
What is the thousands digit of 158994347?
4
What is the ten millions digit of 492059067?
9
What is the ten thousands digit of 30420041?
2
What is the ten thousands digit of 2561767682?
6
What is the tens digit of 79683818?
1
What is the hundreds digit of 64742424?
4
What is the hundred thousands digit of 3682963012?
9
What is the tens digit of 427376695?
9
What is the millions digit of 4721448530?
1
What is the ten millions digit of 155500834?
5
What is the ten millions digit of 518227223?
1
What is the thousands digit of 1607030494?
0
What is the hundred thousands digit of 17682457?
6
What is the hundred millions digit of 186153963?
1
What is the hundred millions digit of 1541207874?
5
What is the thousands digit of 18743429?
3
What is the ten millions digit of 168269020?
6
What is the billions digit of 2035508893?
2
What is the hundreds digit of 94570787?
7
What is the hundreds digit of 4924369719?
7
What is the units digit of 36240281?
1
What is the millions digit of 683628073?
3
What is the hundred millions digit of 3473563803?
4
What is the units digit of 3434119627?
7
What is the tens digit of 2006803596?
9
What is the tens digit of 201556675?
7
What is the hundred millions digit of 203036279?
2
What is the hundred thousands digit of 78376128?
3
What is the millions digit of 1915005708?
5
What is the thousands digit of 838674214?
4
What is the tens digit of 53172059?
5
What is the ten thousands digit of 53989609?
8
What is the tens digit of 5228203?
0
What is the tens digit of 121827914?
1
What is the tens digit of 608188771?
7
What is the ten millions digit of 91924279?
9
What is the tens digit of 1350666734?
3
What is the hundred millions digit of 349362283?
3
What is the ten millions digit of 339071890?
3
What is the hundreds digit of 294492590?
5
What is the ten thousands digit of 331080843?
8
What is the ten thousands digit of 4774807591?
0
What is the units digit of 7336520185?
5
What is the thousands digit of 898210242?
0
What is the ten thousands digit of 548500699?
0
What is the tens digit of 84131040?
4
What is the ten thousands digit of 32810103?
1
What is the thousands digit of 1602243522?
3
What is the ten millions digit of 15788477?
1
What is the units digit of 3464623256?
6
What is the units digit of 2159202323?
3
What is the thousands digit of 59513113?
3
What is the hundred thousands digit of 280068451?
0
What is the ten thousands digit of 3015461749?
6
What is the hundred millions digit of 411327155?
4
What is the tens digit of 268190275?
7
What is the hundred millions digit of 324172250?
3
What is the tens digit of 12965098?
9
What is the hundred millions digit of 807805206?
8
What is the ten millions digit of 816642779?
1
What is the hundred thousands digit of 1233494?
2
What is the hundred thousands digit of 21410733?
4
What is the hundred thousands digit of 4157016561?
0
What is the units digit of 10950421?
1
What is the ten millions digit of 170618549?
7
What is the hundreds digit of 131043495?
4
What is the hundred thousands digit of 690654466?
6
What is the ten millions digit of 3010739014?
1
What is the hundred millions digit of 103703288?
1
What is the tens digit of 33282489?
8
What is the billions digit of 3862832634?
3
What is the hundred thousands digit of 430814678?
8
What is the ten millions digit of 6554787720?
5
What is the thousands digit of 46712955?
2
What is the ten millions digit of 193921312?
9
What is the ten thousands digit of 13040718?
4
What is the units digit of 234279595?
5
What is the billions digit of 1284792794?
1
What is the thousands digit of 81751080?
1
What is the units digit of 166239533?
3
What is the ten millions digit of 93163445?
9
What is the hundreds digit of 1024638680?
6
What is the hundred thousands digit of 1532729948?
7
What is the ten millions digit of 27142064?
2
What is the ten thousands digit of 614454079?
5
What is the hundred thousands digit of 22950258?
9
What is the tens digit of 113782873?
7
What is the millions digit of 3017758201?
7
What is the hundreds digit of 36366292?
2
What is the ten millions digit of 488792225?
8
What is the ten thousands digit of 92538362?
3
What is the ten millions digit of 2001757029?
0
What is the units digit of 1467705644?
4
What is the hundred thousands digit of 269295271?
2
What is the ten thousands digit of 1724741104?
4
What is the ten thousands digit of 801176036?
7
What is the ten millions digit of 175155968?
7
What is the ten millions digit of 216928630?
1
What is the millions digit of 410921144?
0
What is the tens digit of 2987758765?
6
What is the ten millions digit of 425523527?
2
What is the hundreds digit of 81525061?
0
What is the hundreds digit of 3758907?
9
What is the ten millions digit of 6976276219?
7
What is the hundred millions digit of 130475153?
1
What is the hundred thousands digit of 5768486?
7
What is the tens digit of 126369857?
5
What is the thousands digit of 3319589508?
9
What is the ten millions digit of 700961739?
0
What is the millions digit of 4764632825?
4
What is the millions digit of 372205190?
2
What is the ten millions digit of 5337593898?
3
What is the hundred millions digit of 459413213?
4
What is the hundreds digit of 1372208238?
2
What is the ten thousands digit of 176170024?
7
What is the ten thousands digit of 503961913?
6
What is the millions digit of 115292769?
5
What is the ten thousands digit of 254347980?
4
What is the tens digit of 3803586853?
5
What is the hundred thousands digit of 1040988590?
9
What is the ten millions digit of 1224986254?
2
What is the ten thousands digit of 1930339?
3
What is the thousands digit of 56512762?
2
What is the hundred thousands digit of 2972209491?
2
What is the hundred millions digit of 141727166?
1
What is the hundred thousands digit of 336181042?
1
What is the units digit of 1894076531?
1
What is the hundred millions digit of 1318977126?
3
What is the ten thousands digit of 1374610423?
1
What is the tens digit of 473927689?
8
What is the hundred thousands digit of 110259598?
2
What is the ten thousands digit of 2152056132?
5
What is the ten millions digit of 2431507425?
3
What is the hundred thousands digit of 1247668099?
6
What is the tens digit of 274117052?
5
What is the thousands digit of 14267070?
7
What is the tens digit of 362151235?
3
What is the millions digit of 150384340?
0
What is the tens digit of 229197424?
2
What is the ten thousands digit of 1358437590?
3
What is the hundreds digit of 113757517?
5
What is the millions digit of 129251035?
9
What is the hundreds digit of 571219540?
5
What is the hundred millions digit of 365745554?
3
What is the units digit of 58906213?
3
What is the hundred thousands digit of 184226484?
2
What is the thousands digit of 75246370?
6
What is the millions digit of 7338055044?
8
What is the millions digit of 18794127?
8
What is the thousands digit of 373764130?
4
What is the tens digit of 16185020?
2
What is the thousands digit of 2162595006?
5
What is the tens digit of 116193072?
7
What is the millions digit of 122249197?
2
What is the hundreds digit of 5724739?
7
W